{"id":303,"date":"2024-05-08T17:56:58","date_gmt":"2024-05-08T16:56:58","guid":{"rendered":"https:\/\/sandbox.rotky.net\/?page_id=303"},"modified":"2025-03-14T19:09:31","modified_gmt":"2025-03-14T18:09:31","slug":"nyari-taborok","status":"publish","type":"page","link":"https:\/\/sandbox.rotky.net\/?page_id=303","title":{"rendered":"Ny\u00e1ri Foglalkoz\u00e1sok"},"content":{"rendered":"\n<figure>\n<table style=\"width: 100%; border-collapse: collapse; text-align: left;\">\n  <thead>\n    <tr style=\"background-color: #333; color: #fff;\">\n      <th style=\"border: 1px solid #ccc; padding: 8px;\">Id\u0151pont<\/th>\n      <th style=\"border: 1px solid #ccc; padding: 8px;\">Naponta<\/th>\n      <th style=\"border: 1px solid #ccc; padding: 8px;\">Megnevez\u00e9s<\/th>\n      <th style=\"border: 1px solid #ccc; padding: 8px;\">Koroszt\u00e1ly<\/th>\n    <\/tr>\n  <\/thead>\n  <tbody>\n    <tr>\n      <td style=\"border: 1px solid #ccc; padding: 8px;\">j\u00fan.30 \u2013 j\u00fal.4.<\/td>\n      <td style=\"border: 1px solid #ccc; padding: 8px;\">8:00 \u2013 16:00<\/td>\n      <td style=\"border: 1px solid #ccc; padding: 8px;\">Matek 1 (matek-j\u00e1t\u00e9k)<\/td>\n      <td style=\"border: 1px solid #ccc; padding: 8px;\">1. oszt\u00e1lyt v\u00e9gzett di\u00e1kok<\/td>\n    <\/tr>\n    <tr>\n      <td style=\"border: 1px solid #ccc; padding: 8px;\">j\u00fal.07 \u2013 j\u00fal.11.<\/td>\n      <td style=\"border: 1px solid #ccc; padding: 8px;\">8:00 \u2013 16:00<\/td>\n      <td style=\"border: 1px solid #ccc; padding: 8px;\">Matek 2 (matek\u2013Rubik kocka)<\/td>\n      <td style=\"border: 1px solid #ccc; padding: 8px;\">2. oszt\u00e1lyt v\u00e9gzett di\u00e1kok<\/td>\n    <\/tr>\n    <tr>\n      <td style=\"border: 1px solid #ccc; padding: 8px;\">j\u00fal.28 \u2013 aug.1.<\/td>\n      <td style=\"border: 1px solid #ccc; padding: 8px;\">8:00 \u2013 16:00<\/td>\n      <td style=\"border: 1px solid #ccc; padding: 8px;\">Matek 3 (matek \u2013projekt)<\/td>\n      <td style=\"border: 1px solid #ccc; padding: 8px;\">3. oszt\u00e1lyt v\u00e9gzett di\u00e1kok<\/td>\n    <\/tr>\n    <tr>\n      <td style=\"border: 1px solid #ccc; padding: 8px;\">aug.4 \u2013 aug.8.<\/td>\n      <td style=\"border: 1px solid #ccc; padding: 8px;\">8:00 \u2013 16:00<\/td>\n      <td style=\"border: 1px solid #ccc; padding: 8px;\">Lego robot kezd\u0151 (1. turnus)<\/td>\n      <td style=\"border: 1px solid #ccc; padding: 8px;\">4. oszt\u00e1lyt v\u00e9gzett \u00e9s fels\u0151s di\u00e1kok<\/td>\n    <\/tr>\n    <tr>\n      <td style=\"border: 1px solid #ccc; padding: 8px;\">aug.11 \u2013 aug.15.<\/td>\n      <td style=\"border: 1px solid #ccc; padding: 8px;\">8:00 \u2013 16:00<\/td>\n      <td style=\"border: 1px solid #ccc; padding: 8px;\">Lego robot kezd\u0151 (2. turnus)<\/td>\n      <td style=\"border: 1px solid #ccc; padding: 8px;\">4. oszt\u00e1lyt v\u00e9gzett \u00e9s fels\u0151s di\u00e1kok<\/td>\n    <\/tr>\n  <\/tbody>\n<\/table>\n\n<\/figure>\n\n\n\n<p>Jelentkezni \u00e9rdekl\u0151dni telefonon illetve e-mailen.<\/p>\n\n\n\n<div class=\"wp-block-cover\"><span aria-hidden=\"true\" class=\"wp-block-cover__background has-background-dim\"><\/span><img loading=\"lazy\" decoding=\"async\" width=\"974\" height=\"1024\" class=\"wp-block-cover__image-background wp-image-242\" alt=\"\" src=\"https:\/\/sandbox.rotky.net\/wp-content\/uploads\/2024\/04\/rubiks-cube-974x1024.webp\" data-object-fit=\"cover\" srcset=\"https:\/\/sandbox.rotky.net\/wp-content\/uploads\/2024\/04\/rubiks-cube-974x1024.webp 974w, https:\/\/sandbox.rotky.net\/wp-content\/uploads\/2024\/04\/rubiks-cube-285x300.webp 285w, https:\/\/sandbox.rotky.net\/wp-content\/uploads\/2024\/04\/rubiks-cube-768x807.webp 768w, https:\/\/sandbox.rotky.net\/wp-content\/uploads\/2024\/04\/rubiks-cube.webp 1218w\" sizes=\"auto, (max-width: 974px) 100vw, 974px\" \/><div class=\"wp-block-cover__inner-container is-layout-flow wp-block-cover-is-layout-flow\">\n<p><strong>Matek 1&nbsp;<\/strong><br>D\u00e9lel\u0151tt 3, d\u00e9lut\u00e1n 2 foglalkoz\u00e1s \u00e9s k\u00f6zt\u00fck sok j\u00e1t\u00e9k v\u00e1r a gyerekekre a h\u00e9ten. A foglalkoz\u00e1sokon mateklogikai feladatokat \u00e9s versenyfeladatokat oldunk meg. Megismertetj\u00fck a gyerekeket jap\u00e1n rejtv\u00e9nyek megold\u00e1smenet\u00e9vel pl. sudoku. Kis k\u00e9zm\u0171vesk\u00e9d\u00e9s is v\u00e1r r\u00e1juk, ahol logikai j\u00e1t\u00e9kot k\u00e9sz\u00edt\u00fcnk.<\/p>\n\n\n\n<p><strong>Matek 2&nbsp;<\/strong><br>D\u00e9lel\u0151tt 3, d\u00e9lut\u00e1n 2 foglalkoz\u00e1s \u00e9s k\u00f6zt\u00fck sok j\u00e1t\u00e9k v\u00e1r a gyerekekre. A foglalkoz\u00e1sokon mateklogikai feladatokat \u00e9s versenyfeladatokat oldunk meg. Rubik kocka kirak\u00e1s\u00e1t is megtanulhatj\u00e1k.<\/p>\n\n\n\n<p><strong>Matek 3&nbsp;<\/strong><br>D\u00e9lel\u0151tt 3 matekfoglalkoz\u00e1s \u00e9s k\u00f6zt\u00fck sok j\u00e1t\u00e9k v\u00e1r a gyerekekre a h\u00e9ten. A foglalkoz\u00e1sokon mateklogikai feladatokat \u00e9s versenyfeladatokat oldunk meg. A d\u00e9lut\u00e1ni 2 foglalkoz\u00e1son csapatokban k\u00f6rnyezeti t\u00e9m\u00e1ban kisel\u0151ad\u00e1st raknak \u00f6ssze. Prezent\u00e1ci\u00f3t k\u00e9sz\u00edtenek, k\u00eds\u00e9rleteket v\u00e9geznek, utols\u00f3 nap a kisel\u0151ad\u00e1st el\u0151adj\u00e1k az \u00e9rdekl\u0151d\u0151 sz\u00fcl\u0151knek.<strong>&nbsp;<\/strong><\/p>\n<\/div><\/div>\n\n\n\n<div class=\"wp-block-cover\" style=\"min-height:328px;aspect-ratio:unset;\"><span aria-hidden=\"true\" class=\"wp-block-cover__background has-background-dim\"><\/span><img loading=\"lazy\" decoding=\"async\" width=\"1024\" height=\"593\" class=\"wp-block-cover__image-background wp-image-196\" alt=\"\" src=\"https:\/\/sandbox.rotky.net\/wp-content\/uploads\/2024\/04\/legorobot-1024x593.png\" data-object-fit=\"cover\" srcset=\"https:\/\/sandbox.rotky.net\/wp-content\/uploads\/2024\/04\/legorobot-1024x593.png 1024w, https:\/\/sandbox.rotky.net\/wp-content\/uploads\/2024\/04\/legorobot-300x174.png 300w, https:\/\/sandbox.rotky.net\/wp-content\/uploads\/2024\/04\/legorobot-768x445.png 768w, https:\/\/sandbox.rotky.net\/wp-content\/uploads\/2024\/04\/legorobot.png 1176w\" sizes=\"auto, (max-width: 1024px) 100vw, 1024px\" \/><div class=\"wp-block-cover__inner-container is-layout-flow wp-block-cover-is-layout-flow\">\n<p><strong>Lego robot&nbsp;<\/strong><br>A foglalkoz\u00e1sok keret\u00e9ben megismerkedhetnek a lego robot programoz\u00e1s alapjaival \u00e9s a szenzorok haszn\u00e1lat\u00e1val. Csapatokban, r\u00f6videbb probl\u00e9m\u00e1kat megold\u00f3 robotot \u00e9p\u00edtenek \u00e9s programoznak a gyerekek. Cs\u00fct\u00f6rt\u00f6k\u00f6n egy hosszabb \u00f6sszetettebb programmal is megpr\u00f3b\u00e1lkoznak. Az utols\u00f3 nap egy bemutat\u00f3 keret\u00e9ben az \u00e9rdekesebb programokat megmutatj\u00e1k az \u00e9rdekl\u0151d\u0151 sz\u00fcl\u0151knek.<\/p>\n\n\n\n<p>Akinek felkeltette az \u00e9rdekl\u0151d\u00e9s\u00e9t, \u00e9s szeretne tov\u00e1bb foglalkozni a lego robot programoz\u00e1ssal, azokat halad\u00f3 csoportban szeretettel v\u00e1rom.<\/p>\n<\/div><\/div>\n\n\n\n<p><\/p>\n","protected":false},"excerpt":{"rendered":"<p>Id\u0151pont Naponta Megnevez\u00e9s Koroszt\u00e1ly j\u00fan.30 \u2013 j\u00fal.4. 8:00 \u2013 16:00 Matek 1 (matek-j\u00e1t\u00e9k) 1. oszt\u00e1lyt v\u00e9gzett di\u00e1kok j\u00fal.07 \u2013 j\u00fal.11. 8:00 \u2013 16:00 Matek 2 (matek\u2013Rubik kocka) 2. [&hellip;]<\/p>\n","protected":false},"author":1,"featured_media":0,"parent":0,"menu_order":0,"comment_status":"closed","ping_status":"closed","template":"","meta":{"footnotes":""},"class_list":["post-303","page","type-page","status-publish","hentry"],"yoast_head":"<!-- This site is optimized with the Yoast SEO plugin v15.1.1 - https:\/\/yoast.com\/wordpress\/plugins\/seo\/ -->\n<title>Ny\u00e1ri Foglalkoz\u00e1sok - Napsug\u00e1r napk\u00f6zi<\/title>\n<meta name=\"robots\" content=\"index, follow, max-snippet:-1, max-image-preview:large, max-video-preview:-1\" \/>\n<link rel=\"canonical\" href=\"https:\/\/sandbox.rotky.net\/?page_id=303\" \/>\n<meta property=\"og:locale\" content=\"hu_HU\" \/>\n<meta property=\"og:type\" content=\"article\" \/>\n<meta property=\"og:title\" content=\"Ny\u00e1ri Foglalkoz\u00e1sok - Napsug\u00e1r napk\u00f6zi\" \/>\n<meta property=\"og:description\" content=\"Id\u0151pont Naponta Megnevez\u00e9s Koroszt\u00e1ly j\u00fan.30 \u2013 j\u00fal.4. 8:00 \u2013 16:00 Matek 1 (matek-j\u00e1t\u00e9k) 1. oszt\u00e1lyt v\u00e9gzett di\u00e1kok j\u00fal.07 \u2013 j\u00fal.11. 8:00 \u2013 16:00 Matek 2 (matek\u2013Rubik kocka) 2. [&hellip;]\" \/>\n<meta property=\"og:url\" content=\"https:\/\/sandbox.rotky.net\/?page_id=303\" \/>\n<meta property=\"og:site_name\" content=\"Napsug\u00e1r napk\u00f6zi\" \/>\n<meta property=\"article:modified_time\" content=\"2025-03-14T18:09:31+00:00\" \/>\n<meta property=\"og:image\" content=\"https:\/\/sandbox.rotky.net\/wp-content\/uploads\/2024\/04\/rubiks-cube-974x1024.webp\" \/>\n<meta name=\"twitter:card\" content=\"summary_large_image\" \/>\n<script type=\"application\/ld+json\" class=\"yoast-schema-graph\">{\"@context\":\"https:\/\/schema.org\",\"@graph\":[{\"@type\":\"WebSite\",\"@id\":\"https:\/\/sandbox.rotky.net\/#website\",\"url\":\"https:\/\/sandbox.rotky.net\/\",\"name\":\"Napsug\\u00e1r napk\\u00f6zi\",\"description\":\"Napsug\\u00e1r napk\\u00f6zi\",\"potentialAction\":[{\"@type\":\"SearchAction\",\"target\":\"https:\/\/sandbox.rotky.net\/?s={search_term_string}\",\"query-input\":\"required name=search_term_string\"}],\"inLanguage\":\"hu\"},{\"@type\":\"ImageObject\",\"@id\":\"https:\/\/sandbox.rotky.net\/?page_id=303#primaryimage\",\"inLanguage\":\"hu\",\"url\":\"https:\/\/sandbox.rotky.net\/wp-content\/uploads\/2024\/04\/rubiks-cube-974x1024.webp\"},{\"@type\":\"WebPage\",\"@id\":\"https:\/\/sandbox.rotky.net\/?page_id=303#webpage\",\"url\":\"https:\/\/sandbox.rotky.net\/?page_id=303\",\"name\":\"Ny\\u00e1ri Foglalkoz\\u00e1sok - Napsug\\u00e1r napk\\u00f6zi\",\"isPartOf\":{\"@id\":\"https:\/\/sandbox.rotky.net\/#website\"},\"primaryImageOfPage\":{\"@id\":\"https:\/\/sandbox.rotky.net\/?page_id=303#primaryimage\"},\"datePublished\":\"2024-05-08T16:56:58+00:00\",\"dateModified\":\"2025-03-14T18:09:31+00:00\",\"inLanguage\":\"hu\",\"potentialAction\":[{\"@type\":\"ReadAction\",\"target\":[\"https:\/\/sandbox.rotky.net\/?page_id=303\"]}]}]}<\/script>\n<!-- \/ Yoast SEO plugin. -->","_links":{"self":[{"href":"https:\/\/sandbox.rotky.net\/index.php?rest_route=\/wp\/v2\/pages\/303","targetHints":{"allow":["GET"]}}],"collection":[{"href":"https:\/\/sandbox.rotky.net\/index.php?rest_route=\/wp\/v2\/pages"}],"about":[{"href":"https:\/\/sandbox.rotky.net\/index.php?rest_route=\/wp\/v2\/types\/page"}],"author":[{"embeddable":true,"href":"https:\/\/sandbox.rotky.net\/index.php?rest_route=\/wp\/v2\/users\/1"}],"replies":[{"embeddable":true,"href":"https:\/\/sandbox.rotky.net\/index.php?rest_route=%2Fwp%2Fv2%2Fcomments&post=303"}],"version-history":[{"count":14,"href":"https:\/\/sandbox.rotky.net\/index.php?rest_route=\/wp\/v2\/pages\/303\/revisions"}],"predecessor-version":[{"id":365,"href":"https:\/\/sandbox.rotky.net\/index.php?rest_route=\/wp\/v2\/pages\/303\/revisions\/365"}],"wp:attachment":[{"href":"https:\/\/sandbox.rotky.net\/index.php?rest_route=%2Fwp%2Fv2%2Fmedia&parent=303"}],"curies":[{"name":"wp","href":"https:\/\/api.w.org\/{rel}","templated":true}]}}